x) = -39*x - 31*x + 22 - 39*x + 91*x + 111. What is i(7)?
7
Let m = 38 - 35. Suppose -2*u + 7*c = 3*c - 18, 0 = 4*u - m*c - 21. Let t(b) = 8 - 4*b**2 + 10*b**2 - 1 + b**u + b**2. What is t(-7)?
7
Let d(q) = -3*q**2 - 3*q + 3. Let c be -1 + 14 + (-312)/26. Determine d(c).
-3
Let q = -6 - -62. Suppose 13*v - q + 17 = 0. Let y(o) = -o + 4. Give y(v).
1
Let c(g) = 2*g**2 + g + 3. Suppose -l = -5*t + 6, -3*t - l = -6 - 4. Let j(f) = -2*f**3 - f**2 - f - 2. Let q(u) = t*c(u) + 3*j(u). Determine q(1).
-6
Let q(r) = r**2 - 2*r - 5. Let m be q(4). Suppose 3 = m*j, 4*y + 2 = -y - 3*j. Let i(v) = 31*v + 29 - 71 + 41 - 38*v. Calculate i(y).
6
Let p(f) = f**2 + 13*f + 1. Suppose 15*a + 14 + 48 = -88. What is p(a)?
-29
Suppose 2*m + c - 3 = 0, 4*m + 5*c + 3 = 6. Let z(r) = r - m*r + 105 + 106 - 209. Determine z(4).
-2
Let w(o) = 3*o**2 - 6*o + 3. Let h be w(3). Let y be (9/27)/((-1)/h). Let b(x) be the third derivative of -x**4/24 - x**3/2 + 3*x**2. What is b(y)?
1
Let j(v) be the second derivative of 3*v**4/4 - 97*v**3/6 - 11*v**2 + 425*v. Give j(11).
0
Let j(z) = 164 + 15*z + 49 + 20 + 23. Determine j(-17).
1
Let v(w) = 17*w**3 - 14*w**2 + 4*w + 122. Let l(d) = 29*d**3 - 24*d**2 + 7*d + 203. Let y(q) = 7*l(q) - 12*v(q). Give y(0).
-43
Suppose 0*y - 399 = -45*y - 12*y. Suppose -4*j + 2*b = -0*j - 42, 5*j + 4*b - 20 = 0. Let u(v) = v**3 + 1 + j*v - 2*v**2 - 2 - 6*v**2. Give u(y).
6
Let a(v) = -45*v - 1482. Let r be a(-33). Let p(f) be the first derivative of 2*f - 1/4*f**4 + 5/2*f**2 - 5/3*f**r + 6. Calculate p(-6).
8
Let s(w) = -10*w - 71. Let h(d) = -d + 10. Let p(r) = -6*h(r) - s(r). What is p(-1)?
-5
Let q be -13*2/2*-1. Let n(r) = 3*r**2 + 69*r + 256. Let t(m) = 4*m**2 + 83*m + 322. Let f(w) = 5*n(w) - 4*t(w). Give f(q).
-8
Let m(t) be the second derivative of 11*t**3/2 - 99*t**2/2 - 63*t - 2. Give m(3).
0
Let l(c) = -53*c + 12. Let w(n) = -17*n + 4. Let s(o) = 2*l(o) - 7*w(o). Let x(f) = -5*f + 1. Let q(k) = s(k) + 2*x(k). Give q(-2).
-8
Let i(z) = -9*z - 21. Let k be i(-3). Let f(r) = -3*r**2 - k + 3*r - 16*r**2 - r**3 + 10*r**2. Determine f(-9).
-33
Let t(o) be the second derivative of o**5/20 + 7*o**4/6 + 25*o**3/6 + 6*o**2 + 782*o - 2. Calculate t(-12).
0
Let l(d) be the first derivative of -d**3/3 + 21*d**2/2 + 14*d - 25. Let b be l(22). Let r(k) = k**3 + 9*k**2 + 6*k - 8. Calculate r(b).
8
Let g = -14686 - -14675. Let b(u) = 2*u**3 + 22*u**2 - u - 10. What is b(g)?
1
Let y(b) be the third derivative of b**5/60 - b**4/12 - 7*b**3/2 - 518*b**2 - b - 17. Suppose 0 = -3*h - 2*h. What is y(h)?
-21
Let c(p) = -8*p**2 - 11*p - 9. Let s be (-1)/(1/3*18/6). Let a be c(s). Let y(h) = -h**2 - 9*h + 7. What is y(a)?
25
Let z(h) = 6*h + 2. Let a(y) = y**2 - 45*y - 310. Let x be a(-6). Determine z(x).
-22
Let h(l) = 6 + 24919*l**2 - 12464*l**2 - 12457*l**2. Calculate h(-3).
-12
Suppose 28*s + 35 = 203. Let w(h) = -3*h + 1. Let f(c) = 6*c + 3 - 3 - 2. Let d(r) = s*f(r) + 13*w(r). Calculate d(-1).
4
Let x(m) = 2*m**2 - 5*m - 21. Let v be x(-3). Suppose 2*t + 4 = -2*b - 2*b, -4*b - v = 0. Let r(c) = 2*c - 9. Give r(t).
-1
Let q(p) = 14*p**3 - p**2 - 15*p + 6. Let h(j) = -5*j**3 + 5*j - 2. Let k = 418 - 424. Let m(o) = k*q(o) - 17*h(o). Let n = -5 - 0. Give m(n).
-2
Let a(w) = w**3 - 6*w**2 + 5*w. Suppose -8*m + 117 = 5*m. Suppose -m*h + 27 = -0*h. Suppose -10*v - x = -12*v + 8, h*x = -4*v + 26. Determine a(v).
0
Let k(j) = j**2 + 6*j - 9. Let f be 63/(378/(-12))*(-1 - (1 + -6)). What is k(f)?
7
Let o be 74/(-14) - (-130)/455. Let x(y) = 5*y - 2. Let w(r) = -r - 2. Let t be w(-1). Let h(f) = f. Let k(m) = t*x(m) + 6*h(m). Give k(o).
-3
Let d = 4536 - 4539. Let v(o) = 5*o. Let u(w) = -4*w. Let k(x) = 6*u(x) + 5*v(x). Determine k(d).
-3
Let v(d) = 18*d + 78 + 50 - 21*d. Give v(40).
8
Let l(z) = 3*z**3 - 11*z**3 - 3*z - 4*z**2 + 7*z**3. Let w = 28 + -24. Let j(c) = c - 6. Let h be j(w). Determine l(h).
-2
Let p(s) be the second derivative of s**6/720 + 7*s**5/120 + s**4/12 + 5*s**2/2 + 55*s. Let l(w) be the third derivative of p(w). Determine l(-12).
-5
Let s(b) be the second derivative of -b**7/2520 - 7*b**6/720 - b**5/24 - b**4/6 - b. Let c(a) be the third derivative of s(a). Let j = 2132 - 2136. Give c(j).
7
Suppose -4*i = -3*i + 3, 3*m + 39 = -4*i. Let n be (-3)/m*-1 - 4/(-12). Let o(k) be the first derivative of -k**2/2 + 7*k + 23. Determine o(n).
7
Let n be (222/(-4))/(9/12). Let o = n - -74. Let a(f) = -f**2 - 3 + f - 3*f**3 - 4*f**3 + 0 + 6*f**3. Calculate a(o).
-3
Let y(l) = -2*l + 2 + 6*l + 4 + 1. Suppose 0 = -2*g + 8, 2*g + 63 = 3*t + 83. Calculate y(t).
-9
Let v(g) = g**3 - 20*g**2 - 24*g + 53. Let x be (-9*28/(-24))/(5*(-1)/(-10)). What is v(x)?
-10
Let c(y) = 58*y**2 - 10*y - 2. Let w(p) = -86*p**2 + 14*p + 3. Let z(g) = -7*c(g) - 5*w(g). What is z(1)?
23
Let c(t) be the second derivative of -t**7/840 - t**6/180 + t**4/8 - t**3/6 - 7*t**2/2 + 4*t. Let g(w) be the second derivative of c(w). Give g(-4).
35
Let t = -214 - -216. Let y(x) = -5*x + t + 4*x - 16 + 13. What is y(0)?
-1
Let v(h) = -h**3 - 7*h**2 + 10*h - 3. Let g(p) = -7*p + 335. Let q be g(49). Calculate v(q).
-19
Let w(p) = -p**3 - 5*p**2 + 5*p - 3. Let h(v) = v**3 - 23*v**2 + 12*v - 46. Let s be h(23). Let z = -236 + s. Calculate w(z).
3
Suppose -9*f - 3*r + 93 = -6*f, -2*r - 46 = -f. Let z(j) = f*j + 32*j - 63*j. What is z(3)?
15
Let l = 7 + -13. Let b = l - -5. Let z(m) = -3*m - 13. Let n(x) = -7*x - 8. Let k(s) = -5*n(s) + 3*z(s). Give k(b).
-25
Suppose f = 3*w - 2 - 10, 5*w - 2*f = 21. Let h(z) = z**w - 1703 - 5*z**2 - 3*z + 2*z + 1707. What is h(5)?
-1
Let j(p) = 1566*p - 171. Let f(h) = 127*h - 14. Let g(r) = 74*f(r) - 6*j(r). Suppose -2*n + 4*l + 21 = 1, -4*n + 3*l = -35. Calculate g(n).
6
Let y(o) = -11*o - 66. Let q(r) = 390*r - 1180. Let m be q(3). What is y(m)?
44
Let o(g) be the first derivative of -g**4/4 + 2*g**3/3 - 5*g**2/2 + 5*g - 7223. Determine o(2).
-5
Let x(j) = 2*j**3 + 79*j**2 + 37*j - 94. Suppose 0 = 90*c + 2028 + 1482. Give x(c).
-16
Suppose 0 = -d - 4*d - 45. Let x(y) = -y + 1. Let g be x(d). Let k(i) = -2*i**2 + 115 + i - g*i**3 - 116 + i**2. Determine k(1).
-11
Let a(j) = -3*j**2 - 96*j + 2. Let x be a(-32). Let d(l) = 12*l + 1. Give d(x).
25
Let i(m) = 9*m - 15. Let u = -5755 - -5748. Determine i(u).
-78
Let p(y) = 10*y**2 - 14*y - 43. Let i(s) = -64*s**2 + 85*s + 259. Let g(m) = -2*i(m) - 13*p(m). What is g(-3)?
-13
Let t = 28 - 30. Let q be t/(-3)*(2 - 11). Let x(h) = h**3 + 5*h**2 - 12*h. Let k(d) = -d**3 - 5*d**2 + 11*d - 1. Let j(z) = 6*k(z) + 5*x(z). Give j(q).
-6
Let n(s) = -s**3 - 7*s**2 + 115*s - 73. Let t be n(-15). Let x(b) = 14*b**2 - 27*b + 4. Calculate x(t).
6
Let f(j) = 2*j + j**2 + 2 + 2*j + 2*j. Suppose 0 = -2*o + 2*a - 30, -5*o - 2*a - 283 = -278. What is f(o)?
-3
Let l(m) = 20*m - 2 + 74*m - 90*m. Calculate l(-1).
-6
Let o be (15/6)/((-540)/1512). Let l(g) = g**3 + 6*g**2 - 7*g + 1. Calculate l(o).
1
Let h(c) = 2*c**3 + 27*c**2 + 13*c + 16. Let v be 2/(-6) + 217/93 + -15. Give h(v).
16
Let v = 7401 + -7397. Let q(a) = -3*a**2 + 12*a - 8. Calculate q(v).
-8
Let m = 2110 - 2133. Let s(a) = a**2 + 24*a + 12. Calculate s(m).
-11
Let z = 5684 - 5681. Let j(f) = f**3 - f**2 - 5*f - 6. Determine j(z).
-3
Let q(m) = -2*m**2 - 42*m + 2. Let u be 34 + -62 + 9 + -2. What is q(u)?
2
Let d(x) = -x**2 - 6*x - 7. Let u(o) = o**2 + 9*o - 10. Let v be u(-5). Let n = -1 + v. Let g = n + 26. Determine d(g).
-2
Suppose 3*p = 48 - 33. Let b = p - 4. Let x be (-4 + 1)/(-3) + b. Let q(k) = 2*k**3 - 3*k**2 + 2*k - 2. Give q(x).
6
Suppose 0 = -5*j + 5*a, -5*j + 24 = -3*a + 16. Let r be (j/10)/(65/(-325)). Let d(o) = o**3 + 3*o**2 + 4*o + 5. Give d(r).
1
Let a(i) = i**2 + 6*i - 3. Let y be 28/(-6)*(-2028)/(-52). Let v be (-41)/7 + 26/y. Give a(v).
-3
Let h(m) = -11 - 31 + 12*m + 8*m. Let g(f) be the third derivative of -7*f**4/24 + 7*f**3/3 + 171*f**2. Let o(z) = 17*g(z) + 6*h(z). Calculate o(9).
-5
Let w(d) be the first derivative of d**5/6 + d**4/24 - d**3/6 + 2*d**2 + 9*d + 69. Let j(p) be the second derivative of w(p). What is j(1)?
10
Let w(c) = c**2 - 10*c + 3. Let i = 142 + -117. Let p be (5 - 0) + i/5. Calculate w(p).
3
Suppose 12*l + 240*l - 1316 - 196 = 0. Let o(s) = s**2 + 6*s - 3. Let u(p) = 2*p**2 + 7*p - 3. Let n(t) = -6*o(t) + 4*u(t). What is n(l)?
3